 remainder when 24 is divided by (1 + (-19 - 0))*2/(-4)?
6
Suppose 9 - 41 = -4*c. Suppose -2*x = -2 - c. Suppose 104 = x*t + 24. Calculate the remainder when 30 is divided by t.
14
Let d = 104 + -71. Let c = d + -19. Suppose 8 = o - c. Calculate the remainder when o is divided by 12.
10
Suppose -32 = -2*b - 0*b. Suppose 8 = -p - 0. Calculate the remainder when b is divided by 2/p - 75/(-12).
4
Suppose -5*s = 5*b - 70, 3*b + 6 = -s + 42. Calculate the remainder when b is divided by 2.
1
Let q be 101/(-11) + 26/143. Let b = q - -41. Calculate the remainder when b is divided by 17.
15
Suppose -28 = -2*t + 5*c, t + 3*c = 4*c + 17. Let r(l) = 2*l + 2. Let m be r(9). Calculate the remainder when t is divided by (-6)/4*m/(-3).
9
What is the remainder when 31 is divided by ((-12)/10)/(3/(-20))?
7
Let u(p) = 30*p**2 - 8*p + 1. What is the remainder when 56 is divided by u(1)?
10
Suppose 4*d - d = 255. Suppose -d = -5*i - 5*g, i = -4*i - 2*g + 94. Calculate the remainder when 58 is divided by i.
18
Let k(d) = -6*d**3 - 4*d**2 - 4*d - 3. Let f(w) = -w**2 + 2*w. Let x be f(4). Let y be x/4 + (-1 - -1). What is the remainder when k(y) is divided by 13?
11
Let p = 3 - 1. Suppose p*w - 20 - 8 = 0. What is the remainder when w is divided by 8?
6
Suppose -12 = -q + 2. Let m = -26 + -6. Calculate the remainder when (m/(-40))/((-1)/(-50)) is divided by q.
12
Let x be 3/((3/2)/1). Suppose 4*l - 92 = -3*j, j - 4*l = 6*j - 164. What is the remainder when j is divided by (57/(-12))/(x/(-8))?
17
Suppose 0*k + 3*k = 2*l - 47, -26 = -l - k. Let o = 35 - l. Calculate the remainder when o is divided by 4.
2
Suppose -8 - 16 = 3*w. Let v be 2/4 - 11/(-2). Calculate the remainder when 31 is divided by (w/v)/(4/(-48)).
15
Let g = 17 - 0. Calculate the remainder when 61 is divided by g.
10
Suppose 5*g - 50 = -5*j, 4*j - 75 = 4*g - 27. Calculate the remainder when 42 is divided by j.
9
Let s be 1 - (-2 + 3)*-1. Suppose -s*z = -3*z + 28. Let w = -19 + z. What is the remainder when 26 is divided by w?
8
Let f(k) be the first derivative of -3*k**2/2 + 3*k + 5. Calculate the remainder when f(-14) is divided by 24.
21
Let a = -23 + 34. Let i = 3 - 3. Suppose -2*f + 17 - 9 = i. What is the remainder when a is divided by f?
3
Suppose 2*a = 0, 4*g + 0*a = -a + 104. Calculate the remainder when 49 is divided by g.
23
Let t = -42 - -64. What is the remainder when 56 is divided by t?
12
Let k be (-4 + 8)/1*2. Suppose 6*t + 34 = k*t. Suppose 0 = 3*i + i - 3*o - 24, i + o - 13 = 0. What is the remainder when t is divided by i?
8
Let c = 45 - 18. Suppose -3*w - 4*x - 48 = -7*w, x - 38 = -4*w. Calculate the remainder when c is divided by w.
7
Let v(i) = i**3 - 6*i**2 + i + 3. Let o(h) = 6*h**2 - 3*h + 2. What is the remainder when v(6) is divided by o(1)?
4
Let q(m) = -m**2 - 3*m + 1. Let i be q(-2). Suppose i*l - 111 = -0*l. What is the remainder when l is divided by 10?
7
Let t(w) = -7*w**3 - 7*w**2 - 14*w + 5. Let a(j) = -j**3 + j**2 - j + 1. Let x(q) = 6*a(q) - t(q). Calculate the remainder when x(-12) is divided by 17.
15
What is the remainder when 82 is divided by ((-30)/(-25))/(-1 - (-146)/140)?
26
Suppose -4*o + 185 = -3*n, -237 = -0*o - 5*o - 2*n. What is the remainder when o is divided by 16?
15
Suppose -x + 22 = x. Let s = -10 - -22. Let w = 32 - s. Calculate the remainder when w is divided by x.
9
Suppose -38*a + 34*a + 88 = 0. Let t(q) = 4*q**2 + 6*q + 3. Calculate the remainder when t(-4) is divided by a.
21
What is the remainder when (2/3)/(2/111) is divided by 19?
18
Suppose 0 = 3*a - 4*d - 25, 9*a - 4*a - 5*d - 35 = 0. Suppose a*r = -0*r + 114. Calculate the remainder when r is divided by 20.
18
Let b = -14 + 3. Let h(x) = x + 14. What is the remainder when 9 is divided by h(b)?
0
Let t(f) be the third derivative of -f**4/8 - f**3/3 - 4*f**2. Calculate the remainder when 20 is divided by t(-3).
6
Let w = 55 + 15. What is the remainder when w is divided by 12?
10
Suppose z + w - 5 = 0, -4*z - 5 = 5*w - 27. Suppose 0 = 2*m + 3*v - 18, -m - m = -z*v - 18. Calculate the remainder when 16 is divided by m.
7
Suppose 4*f - 61 = 39. Suppose -75 = -5*m + f. What is the remainder when m is divided by (10/(-10))/((-3)/33)?
9
Suppose 3*i - 4*i - 1962 = 0. What is the remainder when 6/21 + i/(-42) is divided by 16?
15
Suppose -3*y + 0*y = -2*a + 54, 5*y - 135 = -5*a. Calculate the remainder when 133 is divided by a.
25
Calculate the remainder when 95 is divided by (1 - -27) + (-19 - -15).
23
Let d(k) = -k - 4. Let l be d(-6). Let m = l - -8. Calculate the remainder when 38 is divided by m.
8
Suppose -4*u - u = -45. Suppose 4*w = 3*w + 15. Calculate the remainder when w is divided by u.
6
What is the remainder when 23 is divided by 3 - ((0 - -2) + -5)?
5
Let q = -22 + 10. Let a = q - -17. What is the remainder when 110/8 + 5/20 is divided by a?
4
Let x = 6 - -2. Suppose -x - 7 = 5*j. Let w(v) = -v**3 - v**2 + 2*v - 2. Calculate the remainder when w(j) is divided by 4.
2
Suppose -11*h + 64 = -7*h. What is the remainder when 45 is divided by h?
13
Suppose 2*b + 44 = 6*b. What is the remainder when (-3 - -5)*(-31)/(-2) is divided by b?
9
Let s(c) = c**2 + 3*c - 2. Let x be 1 - -1 - (-4)/1. Let z = -3 + x. Calculate the remainder when s(-5) is divided by z.
2
Let h(m) = 4*m**2 + 2*m + 5. What is the remainder when 30 is divided by h(-2)?
13
Let r(a) = a + 1. Let h be r(-1). Suppose -4*q + 17 + 15 = h. What is the remainder when 15 is divided by q?
7
Suppose -103 = -5*k + s, -s - 61 = -0*k - 3*k. What is the remainder when 41 is divided by k?
20
Let d be (3 + 23/(-7))*-7. Suppose -4*b + 4*r = -0*r - 92, -r = -d*b + 42. What is the remainder when b is divided by 5?
4
Let q be 4/18 + (-8)/36. Let b = 16 + q. Calculate the remainder when 31 is divided by b.
15
Let r be (2 - 3 - -9) + 2. What is the remainder when 11 is divided by 4/(-10) - (-64)/r?
5
What is the remainder when 2 is divided by 4/(-2) - (0 - 4)?
0
Suppose -3*z - 12 = -z. Let o(h) = h**3 + 7*h**2 + 6*h + 3. Calculate the remainder when 5 is divided by o(z).
2
Suppose 0 = -9*g + 4*g + 425. Let v = g + -61. Calculate the remainder when 93 is divided by v.
21
Let m(d) = -3*d**2 + d**3 + 0*d - 2*d**3 + 7*d + 6. Let q = 7 - 12. What is the remainder when m(q) is divided by 11?
10
Let o(l) = l. Suppose 2*g + 2*g - 24 = 0. Calculate the remainder when 15 is divided by o(g).
3
Calculate the remainder when 76 is divided by (3 - 0/(-4))*13.
37
Suppose f = -f + 148. Calculate the remainder when f is divided by 19.
17
Suppose s - 61 = -0*s. Calculate the remainder when s is divided by 16.
13
Let j = -6 - 0. Let b(t) = -40*t. Let x be b(j). Suppose x = 5*u - 0*u. Calculate the remainder when u is divided by 17.
14
Suppose 3*p - 2*t - 59 = 0, 5*p + 3*t - 73 = p. Let h(q) = q - 4. Let j be h(5). Calculate the remainder when (-2 + j)*(2 - 38) is divided by p.
17
Let u(j) be the second derivative of 1/3*j**3 + 0 + 1/2*j**2 - 13/5*j**5 + j + 1/6*j**4. What is the remainder when u(-1) is divided by 14?
11
Suppose -q + 0*q + 14 = 0. Suppose 58 - 183 = -5*z. Calculate the remainder when z is divided by q.
11
Let d(h) = 5*h + 11. What is the remainder when 11 is divided by d(-2)?
0
Suppose r = -2*m + 43, -2*r + 7*m + 41 = 2*m. Calculate the remainder when r is divided by 17.
16
Let o(z) = 9*z**2 + 3*z + 7. Let p be o(-3). Suppose -4*q + p = 15. What is the remainder when 62 is divided by q?
14
Let y = 18 - 12. Suppose 0 = -4*x + y*x. What is the remainder when x/1 - (-42 + -2) is divided by 15?
14
Let u = -1 + 12. Calculate the remainder when 20 is divided by u.
9
Let p = 403 - 94. What is the remainder when p is divided by 39?
36
Suppose 12 = p + k, p = 2*p - 5*k. Calculate the remainder when 79 is divided by p.
9
Suppose -5*s + 73 = -2*i - 112, -5*s - 4*i + 155 = 0. What is the remainder when s is divided by 12?
11
Let v = 67 - 57. Calculate the remainder when 47 is divided by v.
7
Suppose -4*r = -20 - 0. What is the remainder when 116/14 - (-4)/(-14) is divided by r?
3
Let o be -1*4 - (-7 - 1). Suppose -o*s = c - 199, 3*s + 2*c = 109 + 39. What is the remainder when s is divided by 17?
16
Let a(o) = o**3 - 7*o**2 + 8*o - 6. Let s be a(6). Suppose b = 2*b - s. Calculate the remainder when 11 is divided by b.
5
Let g(d) = -d**2 + 7*d. Let r be g(5)